 digit of 2105739579?
2
What is the ten thousands digit of 267926521?
2
What is the ten millions digit of 642530258?
4
What is the hundreds digit of 41914123?
1
What is the hundred thousands digit of 28002532?
0
What is the hundred thousands digit of 52803703?
8
What is the hundred thousands digit of 5130310?
1
What is the thousands digit of 121061601?
1
What is the ten thousands digit of 194689537?
8
What is the thousands digit of 26132211?
2
What is the units digit of 2363340091?
1
What is the thousands digit of 109788281?
8
What is the units digit of 132535207?
7
What is the tens digit of 281020935?
3
What is the hundreds digit of 69789887?
8
What is the ten thousands digit of 1427161269?
6
What is the hundred thousands digit of 448814360?
8
What is the thousands digit of 96910098?
0
What is the hundred millions digit of 524666235?
5
What is the hundred thousands digit of 158148299?
1
What is the units digit of 1825277067?
7
What is the millions digit of 2609125450?
9
What is the hundreds digit of 276136137?
1
What is the hundreds digit of 709221712?
7
What is the millions digit of 1925076088?
5
What is the billions digit of 4066413846?
4
What is the billions digit of 4605760792?
4
What is the hundred millions digit of 1478521374?
4
What is the millions digit of 31284111?
1
What is the ten millions digit of 571594347?
7
What is the millions digit of 138553690?
8
What is the units digit of 33151154?
4
What is the units digit of 705049723?
3
What is the thousands digit of 528329799?
9
What is the ten thousands digit of 418949725?
4
What is the tens digit of 123123974?
7
What is the hundreds digit of 74244171?
1
What is the thousands digit of 224755703?
5
What is the ten millions digit of 154332151?
5
What is the hundreds digit of 658599122?
1
What is the hundreds digit of 37007588?
5
What is the units digit of 339673710?
0
What is the millions digit of 37187054?
7
What is the hundreds digit of 3213380?
3
What is the millions digit of 77898473?
7
What is the thousands digit of 1031971187?
1
What is the thousands digit of 441152799?
2
What is the units digit of 6178229917?
7
What is the tens digit of 1086762197?
9
What is the ten thousands digit of 4588624117?
2
What is the tens digit of 11931834?
3
What is the hundreds digit of 74366778?
7
What is the ten millions digit of 5479903109?
7
What is the tens digit of 1293864947?
4
What is the units digit of 84920909?
9
What is the ten millions digit of 169000431?
6
What is the ten millions digit of 482715627?
8
What is the ten millions digit of 306299637?
0
What is the tens digit of 16363370?
7
What is the units digit of 68691183?
3
What is the tens digit of 564017468?
6
What is the hundreds digit of 41560310?
3
What is the hundred thousands digit of 4924227585?
2
What is the hundred thousands digit of 2067673705?
6
What is the hundred millions digit of 806365078?
8
What is the units digit of 128418320?
0
What is the hundred millions digit of 330884471?
3
What is the hundred millions digit of 290777494?
2
What is the tens digit of 65157454?
5
What is the units digit of 3473943239?
9
What is the hundred millions digit of 716041522?
7
What is the ten millions digit of 205973953?
0
What is the units digit of 2737424429?
9
What is the ten thousands digit of 140209292?
0
What is the hundreds digit of 1245573545?
5
What is the hundred millions digit of 2898997339?
8
What is the hundreds digit of 555313269?
2
What is the hundred thousands digit of 12712232?
7
What is the hundred thousands digit of 941071757?
0
What is the hundreds digit of 5836396?
3
What is the hundred thousands digit of 159850399?
8
What is the units digit of 887923772?
2
What is the tens digit of 105720504?
0
What is the ten millions digit of 64297407?
6
What is the hundreds digit of 193382829?
8
What is the hundred thousands digit of 466858301?
8
What is the millions digit of 24568324?
4
What is the ten millions digit of 252645071?
5
What is the thousands digit of 144623178?
3
What is the hundreds digit of 654805?
8
What is the millions digit of 1061553289?
1
What is the ten millions digit of 1501939769?
0
What is the billions digit of 2187663105?
2
What is the billions digit of 3240369989?
3
What is the hundreds digit of 519617886?
8
What is the hundred thousands digit of 19518640?
5
What is the billions digit of 2188187205?
2
What is the hundred millions digit of 530572080?
5
What is the ten millions digit of 118525100?
1
What is the hundreds digit of 20238342?
3
What is the ten thousands digit of 927643286?
4
What is the hundreds digit of 257847211?
2
What is the billions digit of 1149631189?
1
What is the hundreds digit of 74657064?
0
What is the thousands digit of 4362714008?
4
What is the hundred thousands digit of 30108799?
1
What is the hundreds digit of 385268178?
1
What is the hundred millions digit of 2333197007?
3
What is the thousands digit of 992377901?
7
What is the ten millions digit of 2340945202?
4
What is the units digit of 1139473695?
5
What is the millions digit of 1612389408?
2
What is the tens digit of 11180284?
8
What is the hundreds digit of 612767238?
2
What is the millions digit of 11107000?
1
What is the thousands digit of 2003208986?
8
What is the ten thousands digit of 1850963505?
6
What is the units digit of 83021998?
8
What is the tens digit of 414470257?
5
What is the tens digit of 1306111025?
2
What is the billions digit of 1092330367?
1
What is the hundred thousands digit of 402802092?
8
What is the hundred thousands digit of 16510007?
5
What is the hundred thousands digit of 42040504?
0
What is the units digit of 18414172?
2
What is the hundred thousands digit of 227764775?
7
What is the hundreds digit of 734766537?
5
What is the ten millions digit of 26764567?
2
What is the ten millions digit of 6242691767?
4
What is the millions digit of 9851067?
9
What is the ten thousands digit of 45579695?
7
What is the hundred thousands digit of 56697694?
6
What is the tens digit of 1529470521?
2
What is the hundreds digit of 774483353?
3
What is the millions digit of 3642694045?
2
What is the tens digit of 175990517?
1
What is the millions digit of 413927021?
3
What is the ten millions digit of 34414277?
3
What is the hundred millions digit of 182829403?
1
What is the millions digit of 5222257?
5
What is the tens digit of 273044113?
1
What is the hundreds digit of 1104210896?
8
What is the ten thousands digit of 1463200?
6
What is the hundred thousands digit of 74733265?
7
What is the ten thousands digit of 2932041031?
4
What is the hundreds digit of 2823487678?
6
What is the tens digit of 265059882?
8
What is the hundred thousands digit of 56528247?
5
What is the hundred thousands digit of 1544031312?
0
What is the ten thousands digit of 75675173?
7
What is the units digit of 1982516006?
6
What is the hundreds digit of 4672614?
6
What is the hundreds digit of 1375455031?
0
What is the hundreds digit of 1774200264?
2
What is the hundreds digit of 16292376?
3
What is the billions digit of 1308813000?
1
What is the millions digit of 583306472?
3
What is the thousands digit of 333688646?
8
What is the hundred millions digit of 185691901?
1
What is the tens digit of 34889993?
9
What is the ten millions digit of 1825497597?
2
What is the hundreds digit of 308383374?
3
What is the millions digit of 1901203807?
1
What is the ten thousands digit of 88971206?
7
What is the tens digit of 96792391?
9
What is the units digit of 227147300?
0
What is the tens digit of 498880673?
7
What is the tens digit of 2152554578?
7
What is the billions digit of 1966984158?
1
What is the millions digit of 7365201352?
5
What is the tens digit of 53842119?
1
What is the millions digit of 251387692?
1
What is the ten thousands digit of 60343756?
4
What is the hundreds digit of 962010632?
6
What is the hundreds digit of 79593265?
2
What is the hundred thousands digit of 260207967?
2
What is the millions digit of 1686957420?
6
What is the ten thousands digit of 39851604?
5
What is the millions digit of 436770020?
6
What is the tens digit of 8705411451?
5
What is the ten thousands digit of 3180166730?
6
What is the units digit of 3316330413?
3
What is the units digit of 26680324?
4
What is the ten millions digit of 347475480?
4
What is 